s divided by s?
8
Suppose -5*q + 4 + 16 = 0. Suppose 10 - 25 = -5*i. Calculate the remainder when i is divided by (q/10)/(1/5).
1
Let k(p) = p**2 + p - 20. What is the remainder when k(8) is divided by 11?
8
Let b(m) = 11*m**2 - 5*m + 7. Calculate the remainder when b(-4) is divided by 34.
33
Suppose -4*n = 3*a - 6, 0 = 7*n - 12*n. Suppose 0*g - 5 = -h + g, 2*h = 3*g + 13. Calculate the remainder when a is divided by h.
0
Let b(s) = 25*s + 1. Let k be b(1). Let w = k + -9. Calculate the remainder when 31 is divided by w.
14
Let n = 8 + -3. Calculate the remainder when (-370)/(-50) + (-3)/(-5) is divided by n.
3
Let u be (-3)/(3/4) + 2. What is the remainder when -1*((-3)/(-3) + -42) is divided by u/(1 + 0)*-7?
13
Let b = 23 + -4. Let v = -5 + b. What is the remainder when v is divided by 8?
6
Let v be (6/5)/((-6)/(-40)). Suppose v*b = 7*b - 30. Let u = b + 44. Calculate the remainder when u is divided by 8.
6
Suppose 2*n + 10 = -6. Let y(s) = -17*s + 9. Let l be y(n). Suppose 0*h + 5*h = l. Calculate the remainder when h is divided by 10.
9
Let o(r) = r**2 - r. Calculate the remainder when 33 is divided by o(4).
9
Let z(y) = -y**3 + 2*y**2 + 13*y - 13. What is the remainder when 69 is divided by z(4)?
6
Let g(c) = -7*c - 17. What is the remainder when 99 is divided by g(-6)?
24
Suppose 2*a - 29 = 5. Suppose -7*x - 120 = -8*x. Suppose -4*y + x = -76. Calculate the remainder when y is divided by a.
15
Let z = 32 - 19. Let c(g) = g**3 - g - 48. Let j be c(0). Let t = 86 + j. What is the remainder when t is divided by z?
12
Suppose -c = m - 5*m + 62, 5*m + 5*c = 90. Let g = m - 8. Suppose 0 = -v + s + g, 2*v = 3*v - 3*s - 10. Calculate the remainder when 20 is divided by v.
6
Let d(t) = t**3 + 7*t**2 + 5*t + 5. Suppose -1 = -4*r - 5*q - 21, -2*q = 0. Let a = r - -36. What is the remainder when a is divided by d(-6)?
9
Suppose 0 = -3*b - 0*b, r + 3*b - 15 = 0. What is the remainder when 22 is divided by r?
7
Suppose 0 = 2*m + m - 204. Let g = -47 + m. Let i(p) = 2*p - 8. What is the remainder when g is divided by i(7)?
3
Let n(t) = -11*t + 16. What is the remainder when 94 is divided by n(0)?
14
Suppose 0 = -2*w + 10 + 8. What is the remainder when w is divided by 3?
0
What is the remainder when (-6)/(-12) + (-113)/(-2) is divided by 20?
17
Let h(m) = -3*m + 37. Calculate the remainder when 112 is divided by h(6).
17
Suppose 0 = 3*q + 2*g - 5, -2*q + q = -2*g - 7. Suppose -q*m = -8*m + 95. Let a(c) = -8*c**3 - c - 2. Calculate the remainder when m is divided by a(-1).
5
Let k be (3/3)/(-1 + 0). Let h = k + 3. Suppose -10 = -h*q - 4*b, -2*q - 3*b + 26 = -7*b. Calculate the remainder when 17 is divided by q.
8
Let b = 16 - 13. Suppose 5*s - 12 = b. What is the remainder when 10 is divided by s?
1
Suppose -5*i = -q - 108, 6*q = 5*q + 2. What is the remainder when 173 is divided by i?
19
Let l(s) = -s**3 + 19*s**2 + s - 12. Calculate the remainder when 20 is divided by l(19).
6
Suppose 0 = 3*w, -5*z - 5*w + 20 = -w. Suppose 0 = -5*d + z*y + 83, 5*d - 73 = d + y. What is the remainder when 35 is divided by d?
16
Suppose -125 = 7*o - 12*o. What is the remainder when 97 is divided by o?
22
Suppose -q + 3*q = -110. Let d = q - -95. What is the remainder when d is divided by 21?
19
Let r = -26 - -63. Suppose n - 40 = r. Calculate the remainder when n is divided by 20.
17
Let g(s) = -s - 1. Let j be g(-8). Let o = j - 0. Calculate the remainder when 27 is divided by o.
6
Suppose 3*a - 2*k - 50 = -4*k, -k - 74 = -4*a. Calculate the remainder when 34 is divided by a.
16
Let w = 0 + 0. Suppose -4*c + 3*v + v + 24 = w, 5*c - 32 = 3*v. What is the remainder when c is divided by 2?
1
Calculate the remainder when ((-108)/(-10))/(8/20) is divided by 6.
3
Let x be (-21)/(0 - 1) - 0. Let f = 44 - x. Let h = 11 - 3. What is the remainder when f is divided by h?
7
Let a(x) = -x**3 + 9*x**2 - 7*x - 5. Let z = 12 - 4. What is the remainder when 8 is divided by a(z)?
2
Suppose -4 = 2*u - 3*u + 4*o, 6 = -2*u + o. Calculate the remainder when 7 is divided by (-19)/u + 3/(-4).
3
Let o = 0 + 4. Suppose 4*y = o, 2*y - 36 = -u + 2. Suppose 3*c = -0*c + 57. What is the remainder when u is divided by c?
17
Let m = 5 + -3. Let t(j) be the first derivative of -j**2/2 - 2*j + 1. Calculate the remainder when m is divided by t(-3).
0
Let u(q) = -q**3 + 6*q**2 - 3*q - 6. Let c be u(5). Suppose -2 = c*l - 3*l - 5*z, 2*l + 4*z = 66. Calculate the remainder when l is divided by 8.
7
Let u be 0 + 0/(-3) + 213. Let s = u - 136. Calculate the remainder when s is divided by 20.
17
Let d(f) = 6*f - 2. Let j(h) = -h**3 - 7*h**2 - 6*h - 12. What is the remainder when j(-7) is divided by d(3)?
14
Suppose 0 = -5*u + 20, -4*q + 30 = q + 5*u. Suppose -q - 5 = -c. Suppose 30*n - 6 = 28*n. What is the remainder when c is divided by n?
1
What is the remainder when 53 is divided by 0 + (-2)/12 - 37/(-6)?
5
Let z = 138 - 90. Calculate the remainder when z is divided by 60/16*40/6.
23
Suppose -3*v + 8 = d - 2, 4*v = -d + 9. Let i = -1 - -37. Calculate the remainder when i is divided by d.
10
Suppose 8*c - 3*c + l = -1, 0 = -3*c + l - 7. Calculate the remainder when 1 is divided by (2 + c)*(13 + -12).
0
Suppose 2*n - 20 = x, -10 = 2*n - 4*x - 30. Calculate the remainder when 46 is divided by n.
6
What is the remainder when 2338/10 + 0 + (-25)/(-125) is divided by 47?
46
Suppose 3*m - 50 - 37 = -a, 5*m = -2*a + 145. Calculate the remainder when 86 is divided by m.
28
Suppose 9*m = 7*m - 28. Let v = m - -86. What is the remainder when v is divided by 19?
15
Let i = -17 + 60. Calculate the remainder when i is divided by 23.
20
Let b = 49 + -13. What is the remainder when 38 is divided by 2/(-6) - (-732)/b?
18
Let t = 16 - 11. Suppose -4*g + 92 = 2*n, g - 50 = 4*n - t*n. Suppose -n = -3*p - 0*p. What is the remainder when p is divided by 5?
3
Let p(f) = -f + 42. Let w be p(0). Suppose c - 14 = -a, 5*a - 2*c - 64 = -c. What is the remainder when 4/(-14) + 1020/w is divided by a?
11
Let t = -1 - -5. Let j be (-2)/(-3)*6/4. What is the remainder when t is divided by -3*-2*j/3?
0
Suppose -2*j = 2*j - 64. Suppose 5*h + 75 = 5*k, 42 = 2*k - 0*h - 5*h. Calculate the remainder when k is divided by j/(-6)*6/(-4).
3
Let b(k) = -22 + 8*k**2 + 25 - 2*k**3 + 3*k**3 + 8*k. Suppose 8*g = 3*g - 25. What is the remainder when b(g) is divided by 13?
12
Suppose -25 = -2*t - 3. Calculate the remainder when 40 is divided by t.
7
Let i(s) = 12*s - 6. Let o be i(4). Let j(y) = -y + 24. Calculate the remainder when o/4 + (-2)/4 is divided by j(18).
4
Suppose 0 = -2*h + 4*h + 14. Let j = h + 15. Calculate the remainder when j is divided by 10/3 - (-2)/(-6).
2
Let q(h) = -h**2 - 2*h + 11*h + 7 + 2*h. Suppose -3*w = 3*o - 18, -o + 10 = w - 2*o. Calculate the remainder when q(8) is divided by w.
7
Let r = -8 - -10. What is the remainder when (-3)/r*136/(-12) is divided by 9?
8
Let b be 2 + -6 + (-18)/6. Calculate the remainder when 41 is divided by b/2*(-4 + -2).
20
Suppose 3*m + 3*x + 2*x - 16 = 0, -37 = -5*m + 2*x. Let i be -6 + -2 - (0 - 4). Calculate the remainder when m is divided by 6/i*(-40)/15.
3
Let u = -77 - -114. What is the remainder when u is divided by (10/(-3))/((-2)/6)?
7
Let x = 139 + -82. Calculate the remainder when 227 is divided by x.
56
Let s = 240 - 167. Calculate the remainder when s is divided by 19.
16
Suppose 12 = 4*f - 44. Suppose 215 = -3*r + 8*r. Suppose -2*i + 125 = r. What is the remainder when i is divided by f?
13
Let u(j) = j**3 + 4*j**2 - 10*j - 9. Calculate the remainder when 1 + (-1 - 0)*-46 is divided by u(-5).
15
Calculate the remainder when ((-4)/(-10))/((-1)/(-85)) is divided by 7.
6
Suppose 3*o - 3 = 4*n + 47, -2*o - 3*n = -5. What is the remainder when 28 is divided by o?
8
Let y = 94 + -34. Calculate the remainder when (1 - 0)/((-1)/(-35)) is divided by (-16)/10*y/(-8).
11
Suppose 3*q - 71 = 40. What is the remainder when q is divided by 20?
17
Let n be 658/(-126) + 2/9. Let t(y) = -4*y**3 + 1 - 7*y - 6*y**2 + 3*y**3 - 2. Calculate the remainder when t(n) is divided by 3.
0
Suppose 1 - 4 = -3*i. Let r = 0 + 2. Calculate the remainder when r is divided by i.
0
Suppose -u + 0*u + 3 = 0. Suppose -2*a + 90 = -3*i + 16, 0 = -u*i - 3*a - 99. Let l = i + 65. Calculate the remainder when l is divi